s the remainder when i*17 + -1 + -1 is divided by k?
15
Suppose 5*j + 9 = -v - 0*v, 3*v + 2*j - 12 = 0. Let d(u) = u - 8. Let x be d(v). What is the remainder when 19 is divided by (2/3)/(x/(-30))?
9
Let u(s) = -5*s + s + 4 + 3*s**2 + 0*s - 10. Let y be u(5). Suppose 0*h + 3*k = 2*h - y, -4*h = k - 77. What is the remainder when h is divided by 7?
6
Let j be ((-3)/(-6) + 1)*16. Suppose 3 + j = 3*w. Calculate the remainder when 26 is divided by w.
8
Let y(m) = -2*m. Suppose -5*q - 15 = -0*q. Calculate the remainder when 17 is divided by y(q).
5
Suppose -4*c + 0*c = -72. Calculate the remainder when 34 is divided by c.
16
Let v(b) = -b**2 + 3*b + 21. What is the remainder when 22 is divided by v(6)?
1
Suppose -5*b = -3*d - 20, 4*d + 8 + 13 = b. Suppose 3*j - 2*n = b, 0*j + 21 = -2*j - 3*n. Let l = 6 + j. Calculate the remainder when l is divided by 2.
1
Let y = -16 + 25. What is the remainder when 16 is divided by y?
7
Let w be (-36)/60 + 22/(-5). Let l(i) = -i**2 - 8*i - 4. Calculate the remainder when l(w) is divided by 4.
3
Let k(j) = 38*j - 9. What is the remainder when k(1) is divided by 12?
5
Let n(r) = -r**3 + 8*r**2 + 6*r - 8. Let w be n(8). Suppose 3*h + w = 5*u - 8, 2*h + 47 = 5*u. What is the remainder when u is divided by 6?
3
Let d(u) = -4*u**3 + 2*u + 1. Let m = 0 - 1. Let a be d(m). Suppose a = j - 10. Calculate the remainder when 25 is divided by j.
12
Let b = -10 + 14. Let z be (-1317)/(-21) - b/(-14). Let h = z - 45. Calculate the remainder when h is divided by 10.
8
Let d be -9 - 0 - 0/2. Let h(n) = n**2 + 9*n + 12. Let w be h(d). Let t = w + -8. What is the remainder when 10 is divided by t?
2
Suppose 9*x - 97 - 29 = 0. Let d(l) = l**2 - 3*l. Let c be d(4). Suppose -3*m + 74 = -4*b, 0*m + 105 = c*m + b. Calculate the remainder when m is divided by x.
12
Let m(n) = 4*n**3 - 6*n**2 + 4. Calculate the remainder when m(3) is divided by 12.
10
Suppose 0*u + 165 = 5*u. Let m = -4 + u. Calculate the remainder when m is divided by 15.
14
Let z(l) = 4*l - 10. Let v = -4 + 12. What is the remainder when z(v) is divided by (-8)/(-24) - 23/(-3)?
6
Let x = 8 + -4. Let y(w) = -w**3 + 7*w**2 + 2*w - 7. Calculate the remainder when y(7) is divided by x.
3
Suppose -3*q - 13 + 37 = 0. Let l(u) = u**2 + 5*u + 3. Let y be l(-5). Suppose 2*w = 8, 4*r - 2*w - y*w = 68. What is the remainder when r is divided by q?
6
Suppose 2 = q - 2*n, q - n - 46 = -4*q. Calculate the remainder when 39 is divided by q.
9
Suppose 3*m = -m + 136. What is the remainder when m is divided by 9?
7
Let v be ((-3)/(-6))/((-1)/(-10)). Suppose v*h - 28 = 2. Suppose -3*z = -h*z + 96. Calculate the remainder when z is divided by 17.
15
Let m = -111 + 138. Let g = 368 + -261. Calculate the remainder when g is divided by m.
26
Let s = 3 - 1. Let h(x) = x + 2 + 6 - 2*x. What is the remainder when s is divided by h(7)?
0
Calculate the remainder when 44 is divided by 10 - -1 - (-4)/1.
14
Let k(d) = 6*d - 33. Calculate the remainder when k(15) is divided by 20.
17
Let y(j) = 5*j**2 - 2*j. Let w = 5 - 3. What is the remainder when 47 is divided by y(w)?
15
Let m = -7 + 13. What is the remainder when m is divided by 5?
1
Suppose -17 = -p - 3*j, 4*p + 3*j - 24 = 35. Calculate the remainder when (2 - (-32)/p)*7 is divided by 8.
6
Let s(j) = -8*j**3 + j**3 + 6*j**2 + j**3 + 7*j**3 - 2 + 4*j. What is the remainder when 27 is divided by s(-4)?
13
Let g be 3/(5/((-80)/12)). What is the remainder when 7 is divided by 1/(2/g) + 6?
3
Let n = -71 + 103. What is the remainder when n is divided by 11?
10
Let v = -4 - -10. Suppose -2*h + v = -4*l, -2*h + l - 2*l = -21. What is the remainder when h is divided by 5?
4
Let z(q) = q**2 + 2*q - 3. Suppose 0 = j + j - 8. Let r(g) = g**2 + 6*g - 5. Calculate the remainder when r(j) is divided by z(3).
11
Let v(g) = 2*g**2 - 6*g + 7. What is the remainder when v(5) is divided by 15?
12
Let q(v) = 18*v**2 + 2*v + 1. Let n(c) = -c**3 + 10*c**2 - 1. Let y be n(10). What is the remainder when q(y) is divided by 6?
5
Let c be 1/1*(-1)/1. Calculate the remainder when (c + 3)*51/6 is divided by (-1)/2*(2 + -22).
7
Let j(z) = 3*z. Let r be j(7). Suppose 0 = -g + 11 + r. Suppose 2*f = o + 23, -5*o = -3*f - 0*o + 38. Calculate the remainder when g is divided by f.
10
Calculate the remainder when 174 is divided by 176/5 + 26/(-130).
34
Let f be 4 + -1 + 207 + 0. Calculate the remainder when 31 is divided by f/12 - (-2)/(-4).
14
Suppose 4*k - 4*w + 20 = -0*k, 5 = -2*k + w. Let h = k - -16. What is the remainder when 31 is divided by h?
15
Suppose -f + 17 = -4. Suppose 2*i - f = 13. Calculate the remainder when i is divided by 9.
8
Suppose 0 = 13*d - 89 - 28. Calculate the remainder when 51 is divided by d.
6
Let a = 4 + 1. Suppose 54 = -2*x + a*x. Calculate the remainder when 34 is divided by x.
16
Let p(d) = 17*d**2 - d. Let h be p(-2). Suppose -4*g + 4*u = -0*g - 180, 3*u = -2*g + h. Calculate the remainder when g is divided by 14.
13
Suppose -14 = -a + 3*t, -4*a - 2*t = -0*a - 14. Suppose -49 = -3*h + 4*m - 6*m, -5*m = a*h - 80. What is the remainder when h is divided by (-1)/2 + (-38)/(-4)?
8
Suppose 0 = 3*w - 4*f + 7*f - 36, -53 = -4*w - 3*f. Calculate the remainder when w is divided by 2/7 + 68/7.
7
Let d(z) = 2*z**2 - 11*z + 22. Suppose 2*r + f = 58, 0*f + f = 5*r - 131. Calculate the remainder when r is divided by d(4).
7
Suppose 2*h = x + 3*x + 42, -x + 2 = 0. Suppose -57 = -5*p - 3*v, 0*v = -5*p + 5*v + 25. What is the remainder when h is divided by p?
7
Suppose -5*m - 6 = -2*m. Let v = -10 + 14. What is the remainder when (3 + m + 0)*7 is divided by v?
3
Let l(n) = -n**2 + 11*n - 3. What is the remainder when l(10) is divided by 5?
2
Let g(i) = -11*i**3 - i**2 - 3*i - 5. What is the remainder when g(-2) is divided by 22?
19
Calculate the remainder when 3/(-6) - 1005/(-6) is divided by 12.
11
Suppose 0*f - 56 = -4*f. Calculate the remainder when 53 is divided by f.
11
Suppose 1 + 9 = -v. Calculate the remainder when (v/(-8))/(5/100) is divided by 7.
4
Let j(q) = -2*q + 1. Let k be 38/14 - 8/(-28). Suppose z + 3 + 6 = -u, k*z + 9 = 0. What is the remainder when j(u) is divided by 7?
6
Suppose -192 = j + j. Let y = -67 - j. Suppose k = 5*c - 17 - y, -4 = 4*k. What is the remainder when 26 is divided by c?
8
Let z(h) = 9*h**2 + h + 2. Let y be z(2). Suppose -3*v - v = -y. What is the remainder when v is divided by 6?
4
Let p be (-6)/(-8)*2*-2. Let d = p - -16. Let u(g) = -2*g - 3. Calculate the remainder when d is divided by u(-4).
3
Suppose 3*r - 7*r = -168. Calculate the remainder when r is divided by 16.
10
Let z(p) = -5*p + 2. Suppose -3 + 6 = -s. Calculate the remainder when 50 is divided by z(s).
16
Suppose 0*o - 2*o = 5*w - 35, -2*o = w + 1. Let z = -10 + 25. What is the remainder when z is divided by w?
6
Let s be (8/(-20))/(2/180). Let c = 18 + s. Let m = c - -29. What is the remainder when 31 is divided by m?
9
Suppose -2*s + 94 = 5*x, -4*s - 4*x = -x - 202. Let v = -33 + s. What is the remainder when v is divided by 11?
8
Suppose -113 = -3*o + 91. What is the remainder when o is divided by (-268)/(-12) + (-2)/(-3)?
22
Let c = -23 + 26. Suppose c*s + 60 = 7*s. Calculate the remainder when s is divided by 9.
6
Calculate the remainder when 80/(-6)*(-6 - 18/(-4)) is divided by 2.
0
Suppose -v + 18 + 12 = 5*i, -10 = 2*v - 4*i. Suppose v*h = -l + 12, -2*h = -4*h - 10. Calculate the remainder when l is divided by 13.
11
What is the remainder when 3/(450/20) - (-4003)/15 is divided by 67?
66
Suppose 5*s - 3*s = 42. Calculate the remainder when 59 is divided by s.
17
Let x = 367 + -349. Let a be (-1)/(-2)*12/2. Suppose u - 4 = -3*l + 3, 5*u - 35 = a*l. What is the remainder when x is divided by u?
4
Suppose -2*l = -6*l - 8, 5*y + 4*l - 17 = 0. What is the remainder when 13 is divided by y?
3
Suppose 4*w = -3 + 35. Let f(m) = 31*m. Let v be f(-1). Let u = -8 - v. What is the remainder when u is divided by w?
7
Let a be 7/(-2)*4/(-7). Let b(m) = 9*m**2 - 2*m + 1. What is the remainder when b(a) is divided by 9?
6
Suppose -2 = l - 5*s + 54, -3*l - 4*s = 73. Let r = l + 43. What is the remainder when r is divided by 7?
5
Suppose 0*j = 5*j + 15. Calculate the remainder when 6 is divided by (j/6)/((-4)/32).
2
Let t(a) = a**3 + 5*a**2 - 3*a - 7. Let z be t(-